{"id":5630,"date":"2015-01-15T10:17:29","date_gmt":"2015-01-15T09:17:29","guid":{"rendered":"https:\/\/www.naturmed.de\/blog\/?page_id=5630"},"modified":"2015-01-15T10:17:29","modified_gmt":"2015-01-15T09:17:29","slug":"herba-menthae","status":"publish","type":"page","link":"https:\/\/www.naturmed.de\/blog\/materia-medica\/herba-menthae\/","title":{"rendered":"Herba Menthae"},"content":{"rendered":"<h2><strong><a href=\"https:\/\/www.naturmed.de\/blog\/wp-content\/uploads\/2015\/01\/Bohe.jpg\"><img loading=\"lazy\" decoding=\"async\" class=\"alignleft  wp-image-5631\" src=\"https:\/\/www.naturmed.de\/blog\/wp-content\/uploads\/2015\/01\/Bohe-300x225.jpg\" alt=\"Bohe\" width=\"183\" height=\"137\" srcset=\"https:\/\/www.naturmed.de\/blog\/wp-content\/uploads\/2015\/01\/Bohe-300x225.jpg 300w, https:\/\/www.naturmed.de\/blog\/wp-content\/uploads\/2015\/01\/Bohe-768x576.jpg 768w, https:\/\/www.naturmed.de\/blog\/wp-content\/uploads\/2015\/01\/Bohe-90x68.jpg 90w, https:\/\/www.naturmed.de\/blog\/wp-content\/uploads\/2015\/01\/Bohe.jpg 959w\" sizes=\"auto, (max-width: 183px) 100vw, 183px\" \/><\/a>Wi<\/strong><strong>rkung von Herba Menthae<\/strong><strong>:<\/strong><\/h2>\n<ul>\n<li>Vertreibt Wind-Hitze, kl\u00e4rt Kopf, Hals und Augen<\/li>\n<li>Bringt Ausschl\u00e4ge an die Oberfl\u00e4che<\/li>\n<li>Unterst\u00fctzt den freien Fluss der Leber-Energie<\/li>\n<\/ul>\n<h2><\/h2>\n<h2><strong>Indikation\u00a0<\/strong><strong>von\u00a0Herba Menthae<\/strong><strong>:<\/strong><\/h2>\n<ul>\n<li>Wind-Hitze Muster mit Fieber, Kopfschmerz, roten Augen, Halsschmerzen und Husten<\/li>\n<li>Fr\u00fche Stadien infekti\u00f6ser Hauterkrankungen wie R\u00f6teln und Masern, beschleunigt das Herauskommen der Effloreszensen und damit die Ausheilung<\/li>\n<li>Leber-Qi-Stagnation mit emotionalen Schwankungen, Druck an den Rippenb\u00f6gen oder gyn\u00e4kologischen Problemen<\/li>\n<\/ul>\n<h2><\/h2>\n<h2><strong>Dosierung von Herba Menthae:<\/strong><\/h2>\n<ul>\n<li>2-9 g<\/li>\n<\/ul>\n<p>&nbsp;<\/p>\n<p><strong>Zubereitung:<\/strong><\/p>\n<ul>\n<li>Mentha nur am Ende dem Dekokt hinzuf\u00fcgen und abgedeckt f\u00fcnf Minuten ziehen<\/li>\n<\/ul>\n<p>&nbsp;<\/p>\n<p><strong>Ko<\/strong><strong>ntraindikat<\/strong><strong>i<\/strong><strong>on:<\/strong><\/p>\n<ul>\n<li>Aufsteigendes Leber-Yang<\/li>\n<li>Bei Wei-Qi-Mangel mit spontanem Schwitzen<\/li>\n<li>Bei Yin-Mangel mit Hitze<\/li>\n<li>Vorsicht bei stillenden M\u00fcttern, da dies Mittel die Milchproduktion vermindern kann<\/li>\n<\/ul>\n","protected":false},"excerpt":{"rendered":"<p>Wirkung von Herba Menthae: Vertreibt Wind-Hitze, kl\u00e4rt Kopf, Hals und Augen Bringt Ausschl\u00e4ge an die Oberfl\u00e4che Unterst\u00fctzt den freien Fluss der Leber-Energie Indikation\u00a0von\u00a0Herba Menthae: Wind-Hitze Muster mit Fieber, Kopfschmerz, roten Augen, Halsschmerzen und Husten Fr\u00fche Stadien infekti\u00f6ser Hauterkrankungen wie R\u00f6teln und Masern, beschleunigt das Herauskommen der Effloreszensen und damit die Ausheilung Leber-Qi-Stagnation mit emotionalen Schwankungen, [&hellip;]<\/p>\n","protected":false},"author":2,"featured_media":5631,"parent":5486,"menu_order":0,"comment_status":"open","ping_status":"open","template":"","meta":{"footnotes":""},"class_list":["post-5630","page","type-page","status-publish","has-post-thumbnail","hentry","has-post-title","has-post-date","has-post-category","has-post-tag","has-post-comment","has-post-author",""],"_links":{"self":[{"href":"https:\/\/www.naturmed.de\/blog\/wp-json\/wp\/v2\/pages\/5630","targetHints":{"allow":["GET"]}}],"collection":[{"href":"https:\/\/www.naturmed.de\/blog\/wp-json\/wp\/v2\/pages"}],"about":[{"href":"https:\/\/www.naturmed.de\/blog\/wp-json\/wp\/v2\/types\/page"}],"author":[{"embeddable":true,"href":"https:\/\/www.naturmed.de\/blog\/wp-json\/wp\/v2\/users\/2"}],"replies":[{"embeddable":true,"href":"https:\/\/www.naturmed.de\/blog\/wp-json\/wp\/v2\/comments?post=5630"}],"version-history":[{"count":1,"href":"https:\/\/www.naturmed.de\/blog\/wp-json\/wp\/v2\/pages\/5630\/revisions"}],"predecessor-version":[{"id":5632,"href":"https:\/\/www.naturmed.de\/blog\/wp-json\/wp\/v2\/pages\/5630\/revisions\/5632"}],"up":[{"embeddable":true,"href":"https:\/\/www.naturmed.de\/blog\/wp-json\/wp\/v2\/pages\/5486"}],"wp:featuredmedia":[{"embeddable":true,"href":"https:\/\/www.naturmed.de\/blog\/wp-json\/wp\/v2\/media\/5631"}],"wp:attachment":[{"href":"https:\/\/www.naturmed.de\/blog\/wp-json\/wp\/v2\/media?parent=5630"}],"curies":[{"name":"wp","href":"https:\/\/api.w.org\/{rel}","templated":true}]}}