{"id":5633,"date":"2015-01-15T10:23:31","date_gmt":"2015-01-15T09:23:31","guid":{"rendered":"https:\/\/www.naturmed.de\/blog\/?page_id=5633"},"modified":"2015-04-20T15:23:40","modified_gmt":"2015-04-20T13:23:40","slug":"flos-chrysanthemi","status":"publish","type":"page","link":"https:\/\/www.naturmed.de\/blog\/materia-medica\/flos-chrysanthemi\/","title":{"rendered":"Flos Chrysanthemi"},"content":{"rendered":"<h2><strong><a href=\"https:\/\/www.naturmed.de\/blog\/wp-content\/uploads\/2015\/01\/Juhua.jpg\"><img loading=\"lazy\" decoding=\"async\" class=\"  wp-image-5634 alignright\" src=\"https:\/\/www.naturmed.de\/blog\/wp-content\/uploads\/2015\/01\/Juhua-300x225.jpg\" alt=\"Juhua\" width=\"191\" height=\"143\" srcset=\"https:\/\/www.naturmed.de\/blog\/wp-content\/uploads\/2015\/01\/Juhua-300x225.jpg 300w, https:\/\/www.naturmed.de\/blog\/wp-content\/uploads\/2015\/01\/Juhua-768x576.jpg 768w, https:\/\/www.naturmed.de\/blog\/wp-content\/uploads\/2015\/01\/Juhua-90x68.jpg 90w, https:\/\/www.naturmed.de\/blog\/wp-content\/uploads\/2015\/01\/Juhua.jpg 959w\" sizes=\"auto, (max-width: 191px) 100vw, 191px\" \/><\/a>Wi<\/strong><strong>rkung von Flos Chrysanthemi<\/strong><strong>:<\/strong><\/h2>\n<ul>\n<li>Vertreibt Wind und kl\u00e4rt Hitze<\/li>\n<li>Beruhigt den Leber-Funktionskreis und kl\u00e4rt die Augen<\/li>\n<li>Eliminiert inneren Leber-Wind<\/li>\n<li>L\u00f6st toxische Hitze<\/li>\n<\/ul>\n<h2><\/h2>\n<h2><strong>Indikation\u00a0<\/strong><strong>von\u00a0Flos Chrysanthemi<\/strong><strong>:<\/strong><\/h2>\n<ul>\n<li>Durch Wind-Hitze-Invasion bedingte Beschwerden: Fieber, Kopfschmerzen und Hautausschl\u00e4ge<\/li>\n<li>Augen rot, schmerzend und geschwollen, juckende Augen<\/li>\n<li>Schwindel, Kopfschmerz, H\u00f6rsturz durch Leber-Wind<\/li>\n<li>Eitrige Geschw\u00fcre und Schwellungen<\/li>\n<\/ul>\n<h2><\/h2>\n<h2><strong>Dosierung von Flos Chrysanthemi:<\/strong><\/h2>\n<ul>\n<li>2-9 g<\/li>\n<\/ul>\n<p>&nbsp;<\/p>\n<p><strong>Anmerkungen:<\/strong><\/p>\n<ul>\n<li>F\u00fcr Hautausschl\u00e4ge, auch \u00e4u\u00dferliche Anwendung gebr\u00e4uchlich<\/li>\n<\/ul>\n<p>&nbsp;<\/p>\n<p><strong>Ko<\/strong><strong>ntraindikat<\/strong><strong>i<\/strong><strong>on:<\/strong><\/p>\n<ul>\n<li>Milz-Qi-Mangel mit Diarrh\u00f6<\/li>\n<\/ul>\n","protected":false},"excerpt":{"rendered":"<p>Wirkung von Flos Chrysanthemi: Vertreibt Wind und kl\u00e4rt Hitze Beruhigt den Leber-Funktionskreis und kl\u00e4rt die Augen Eliminiert inneren Leber-Wind L\u00f6st toxische Hitze Indikation\u00a0von\u00a0Flos Chrysanthemi: Durch Wind-Hitze-Invasion bedingte Beschwerden: Fieber, Kopfschmerzen und Hautausschl\u00e4ge Augen rot, schmerzend und geschwollen, juckende Augen Schwindel, Kopfschmerz, H\u00f6rsturz durch Leber-Wind Eitrige Geschw\u00fcre und Schwellungen Dosierung von Flos Chrysanthemi: 2-9 g &nbsp; [&hellip;]<\/p>\n","protected":false},"author":2,"featured_media":5634,"parent":5486,"menu_order":0,"comment_status":"open","ping_status":"open","template":"","meta":{"footnotes":""},"class_list":["post-5633","page","type-page","status-publish","has-post-thumbnail","hentry","has-post-title","has-post-date","has-post-category","has-post-tag","has-post-comment","has-post-author",""],"_links":{"self":[{"href":"https:\/\/www.naturmed.de\/blog\/wp-json\/wp\/v2\/pages\/5633","targetHints":{"allow":["GET"]}}],"collection":[{"href":"https:\/\/www.naturmed.de\/blog\/wp-json\/wp\/v2\/pages"}],"about":[{"href":"https:\/\/www.naturmed.de\/blog\/wp-json\/wp\/v2\/types\/page"}],"author":[{"embeddable":true,"href":"https:\/\/www.naturmed.de\/blog\/wp-json\/wp\/v2\/users\/2"}],"replies":[{"embeddable":true,"href":"https:\/\/www.naturmed.de\/blog\/wp-json\/wp\/v2\/comments?post=5633"}],"version-history":[{"count":2,"href":"https:\/\/www.naturmed.de\/blog\/wp-json\/wp\/v2\/pages\/5633\/revisions"}],"predecessor-version":[{"id":7228,"href":"https:\/\/www.naturmed.de\/blog\/wp-json\/wp\/v2\/pages\/5633\/revisions\/7228"}],"up":[{"embeddable":true,"href":"https:\/\/www.naturmed.de\/blog\/wp-json\/wp\/v2\/pages\/5486"}],"wp:featuredmedia":[{"embeddable":true,"href":"https:\/\/www.naturmed.de\/blog\/wp-json\/wp\/v2\/media\/5634"}],"wp:attachment":[{"href":"https:\/\/www.naturmed.de\/blog\/wp-json\/wp\/v2\/media?parent=5633"}],"curies":[{"name":"wp","href":"https:\/\/api.w.org\/{rel}","templated":true}]}}