{"id":5739,"date":"2015-01-15T15:34:30","date_gmt":"2015-01-15T14:34:30","guid":{"rendered":"https:\/\/www.naturmed.de\/blog\/?page_id=5739"},"modified":"2015-01-15T15:34:30","modified_gmt":"2015-01-15T14:34:30","slug":"rhizoma-pinelliae","status":"publish","type":"page","link":"https:\/\/www.naturmed.de\/blog\/materia-medica\/rhizoma-pinelliae\/","title":{"rendered":"Rhizoma Pinelliae"},"content":{"rendered":"<h2><strong><a href=\"https:\/\/www.naturmed.de\/blog\/wp-content\/uploads\/2015\/01\/Banxia.jpg\"><img loading=\"lazy\" decoding=\"async\" class=\"alignleft  wp-image-5740\" src=\"https:\/\/www.naturmed.de\/blog\/wp-content\/uploads\/2015\/01\/Banxia-300x225.jpg\" alt=\"Banxia\" width=\"209\" height=\"157\" srcset=\"https:\/\/www.naturmed.de\/blog\/wp-content\/uploads\/2015\/01\/Banxia-300x225.jpg 300w, https:\/\/www.naturmed.de\/blog\/wp-content\/uploads\/2015\/01\/Banxia-768x576.jpg 768w, https:\/\/www.naturmed.de\/blog\/wp-content\/uploads\/2015\/01\/Banxia-90x68.jpg 90w, https:\/\/www.naturmed.de\/blog\/wp-content\/uploads\/2015\/01\/Banxia.jpg 959w\" sizes=\"auto, (max-width: 209px) 100vw, 209px\" \/><\/a>Wi<\/strong><strong>rkung von Rhizoma Pinelliae<\/strong><strong>:<\/strong><\/h2>\n<ul>\n<li>Trocknet N\u00e4sse, transformiert Schleim, dirigiert rebellierendes Qi nach unten<\/li>\n<li>Lenkt rebellierendes Qi hinunter und stoppt Erbrechen<\/li>\n<li>L\u00f6st Knoten und Klumpenbildungen auf<\/li>\n<\/ul>\n<h2><strong>Indikation\u00a0<\/strong><strong>von Rhizoma Pinelliae<\/strong><strong>:<\/strong><\/h2>\n<ul>\n<li>Rebellierendes Lungen-Qi mit Husten mit reichlichem wei\u00dflichem Sputum, Schleim steigt auf und bedingt Dyspnoe, thorakale Enge, Palpitationen, Schwin- del, Verwirrtheit, benebelter Kopf<\/li>\n<li>\u00dcbelkeit, V\u00f6llegef\u00fchl im Epigastrium, Aufsto\u00dfen, Schluckauf, Erbrechen, Mangel an Durst, Appetitverlust, morgendliche \u00dcbelkeit<\/li>\n<li>Knoten und Klumpenbildung in den Leitbahnen, Struma, Lymphknotenver- dickungen, Lipome, Fettansammlungen, Adipositas, Arteriosklerose<\/li>\n<\/ul>\n<h2><strong>Dosierung von Rhizoma Pinelliae:<\/strong><\/h2>\n<ul>\n<li>2-12 g<\/li>\n<\/ul>\n<p><strong>Kontraindikation:<\/strong><\/p>\n<ul>\n<li>Schwangerschaft, da leicht toxisch<\/li>\n<li>Yin-Mangel &#8211; wegen trocknender Wirkung nur in Kombination mit befeuchten- den Drogen<\/li>\n<li>Nur mit Vorsicht bei Hitze-Schleim mit dickem gelbem Zungenbelag und dann nur in Verbindung mit k\u00fchlenden Drogen<\/li>\n<\/ul>\n","protected":false},"excerpt":{"rendered":"<p>Wirkung von Rhizoma Pinelliae: Trocknet N\u00e4sse, transformiert Schleim, dirigiert rebellierendes Qi nach unten Lenkt rebellierendes Qi hinunter und stoppt Erbrechen L\u00f6st Knoten und Klumpenbildungen auf Indikation\u00a0von Rhizoma Pinelliae: Rebellierendes Lungen-Qi mit Husten mit reichlichem wei\u00dflichem Sputum, Schleim steigt auf und bedingt Dyspnoe, thorakale Enge, Palpitationen, Schwin- del, Verwirrtheit, benebelter Kopf \u00dcbelkeit, V\u00f6llegef\u00fchl im Epigastrium, Aufsto\u00dfen, [&hellip;]<\/p>\n","protected":false},"author":2,"featured_media":5740,"parent":5486,"menu_order":0,"comment_status":"open","ping_status":"open","template":"","meta":{"footnotes":""},"class_list":["post-5739","page","type-page","status-publish","has-post-thumbnail","hentry","has-post-title","has-post-date","has-post-category","has-post-tag","has-post-comment","has-post-author",""],"_links":{"self":[{"href":"https:\/\/www.naturmed.de\/blog\/wp-json\/wp\/v2\/pages\/5739","targetHints":{"allow":["GET"]}}],"collection":[{"href":"https:\/\/www.naturmed.de\/blog\/wp-json\/wp\/v2\/pages"}],"about":[{"href":"https:\/\/www.naturmed.de\/blog\/wp-json\/wp\/v2\/types\/page"}],"author":[{"embeddable":true,"href":"https:\/\/www.naturmed.de\/blog\/wp-json\/wp\/v2\/users\/2"}],"replies":[{"embeddable":true,"href":"https:\/\/www.naturmed.de\/blog\/wp-json\/wp\/v2\/comments?post=5739"}],"version-history":[{"count":1,"href":"https:\/\/www.naturmed.de\/blog\/wp-json\/wp\/v2\/pages\/5739\/revisions"}],"predecessor-version":[{"id":5741,"href":"https:\/\/www.naturmed.de\/blog\/wp-json\/wp\/v2\/pages\/5739\/revisions\/5741"}],"up":[{"embeddable":true,"href":"https:\/\/www.naturmed.de\/blog\/wp-json\/wp\/v2\/pages\/5486"}],"wp:featuredmedia":[{"embeddable":true,"href":"https:\/\/www.naturmed.de\/blog\/wp-json\/wp\/v2\/media\/5740"}],"wp:attachment":[{"href":"https:\/\/www.naturmed.de\/blog\/wp-json\/wp\/v2\/media?parent=5739"}],"curies":[{"name":"wp","href":"https:\/\/api.w.org\/{rel}","templated":true}]}}