{"id":5872,"date":"2015-01-16T11:45:54","date_gmt":"2015-01-16T10:45:54","guid":{"rendered":"https:\/\/www.naturmed.de\/blog\/?page_id=5872"},"modified":"2015-01-16T11:45:54","modified_gmt":"2015-01-16T10:45:54","slug":"rhizoma-dioscoreae","status":"publish","type":"page","link":"https:\/\/www.naturmed.de\/blog\/materia-medica\/rhizoma-dioscoreae\/","title":{"rendered":"Rhizoma Dioscoreae"},"content":{"rendered":"<h2><strong><a href=\"https:\/\/www.naturmed.de\/blog\/wp-content\/uploads\/2015\/01\/Shanyao.jpg\"><img loading=\"lazy\" decoding=\"async\" class=\"alignleft  wp-image-5873\" src=\"https:\/\/www.naturmed.de\/blog\/wp-content\/uploads\/2015\/01\/Shanyao-300x225.jpg\" alt=\"Shanyao\" width=\"195\" height=\"146\" srcset=\"https:\/\/www.naturmed.de\/blog\/wp-content\/uploads\/2015\/01\/Shanyao-300x225.jpg 300w, https:\/\/www.naturmed.de\/blog\/wp-content\/uploads\/2015\/01\/Shanyao-768x576.jpg 768w, https:\/\/www.naturmed.de\/blog\/wp-content\/uploads\/2015\/01\/Shanyao-90x68.jpg 90w, https:\/\/www.naturmed.de\/blog\/wp-content\/uploads\/2015\/01\/Shanyao.jpg 959w\" sizes=\"auto, (max-width: 195px) 100vw, 195px\" \/><\/a>Wi<\/strong><strong>rkung von Rhizoma Dioscoreae<\/strong><strong>:<\/strong><\/h2>\n<ul>\n<li>Erg\u00e4nzt Qi von Milz und Magen<\/li>\n<li>Tonisiert Lungenfunktionskreis<\/li>\n<li>St\u00e4rkt Nierenfunktionskreis<\/li>\n<\/ul>\n<h2><strong>Indikation\u00a0<\/strong><strong>von Rhizoma Dioscoreae<\/strong><strong>:<\/strong><\/h2>\n<ul>\n<li>M\u00fcdigkeit, Abgeschlagenheit, Diarrh\u00f6, Appetitverlust, wei\u00dflicher vaginaler Soor<\/li>\n<li>Chronischer Husten, geringer Auswurf<\/li>\n<li>St\u00f6rungen beim Wasserlassen, Inkontinenz, Harntr\u00e4ufeln, Samenverluste<\/li>\n<\/ul>\n<h2><strong>Dosierung von Rhizoma Dioscoreae:<\/strong><\/h2>\n<ul>\n<li>6-15 g (-30 g); 6-10 g als Pulver<\/li>\n<\/ul>\n<p><strong>Kontraindikation:<\/strong><\/p>\n<ul>\n<li>Bei F\u00fclle-Hitze<\/li>\n<\/ul>\n","protected":false},"excerpt":{"rendered":"<p>Wirkung von Rhizoma Dioscoreae: Erg\u00e4nzt Qi von Milz und Magen Tonisiert Lungenfunktionskreis St\u00e4rkt Nierenfunktionskreis Indikation\u00a0von Rhizoma Dioscoreae: M\u00fcdigkeit, Abgeschlagenheit, Diarrh\u00f6, Appetitverlust, wei\u00dflicher vaginaler Soor Chronischer Husten, geringer Auswurf St\u00f6rungen beim Wasserlassen, Inkontinenz, Harntr\u00e4ufeln, Samenverluste Dosierung von Rhizoma Dioscoreae: 6-15 g (-30 g); 6-10 g als Pulver Kontraindikation: Bei F\u00fclle-Hitze<\/p>\n","protected":false},"author":2,"featured_media":5873,"parent":5486,"menu_order":0,"comment_status":"open","ping_status":"open","template":"","meta":{"footnotes":""},"class_list":["post-5872","page","type-page","status-publish","has-post-thumbnail","hentry","has-post-title","has-post-date","has-post-category","has-post-tag","has-post-comment","has-post-author",""],"_links":{"self":[{"href":"https:\/\/www.naturmed.de\/blog\/wp-json\/wp\/v2\/pages\/5872","targetHints":{"allow":["GET"]}}],"collection":[{"href":"https:\/\/www.naturmed.de\/blog\/wp-json\/wp\/v2\/pages"}],"about":[{"href":"https:\/\/www.naturmed.de\/blog\/wp-json\/wp\/v2\/types\/page"}],"author":[{"embeddable":true,"href":"https:\/\/www.naturmed.de\/blog\/wp-json\/wp\/v2\/users\/2"}],"replies":[{"embeddable":true,"href":"https:\/\/www.naturmed.de\/blog\/wp-json\/wp\/v2\/comments?post=5872"}],"version-history":[{"count":1,"href":"https:\/\/www.naturmed.de\/blog\/wp-json\/wp\/v2\/pages\/5872\/revisions"}],"predecessor-version":[{"id":5874,"href":"https:\/\/www.naturmed.de\/blog\/wp-json\/wp\/v2\/pages\/5872\/revisions\/5874"}],"up":[{"embeddable":true,"href":"https:\/\/www.naturmed.de\/blog\/wp-json\/wp\/v2\/pages\/5486"}],"wp:featuredmedia":[{"embeddable":true,"href":"https:\/\/www.naturmed.de\/blog\/wp-json\/wp\/v2\/media\/5873"}],"wp:attachment":[{"href":"https:\/\/www.naturmed.de\/blog\/wp-json\/wp\/v2\/media?parent=5872"}],"curies":[{"name":"wp","href":"https:\/\/api.w.org\/{rel}","templated":true}]}}