{"id":5904,"date":"2015-01-16T12:34:41","date_gmt":"2015-01-16T11:34:41","guid":{"rendered":"https:\/\/www.naturmed.de\/blog\/?page_id=5904"},"modified":"2015-01-16T12:34:41","modified_gmt":"2015-01-16T11:34:41","slug":"herba-epimedii","status":"publish","type":"page","link":"https:\/\/www.naturmed.de\/blog\/materia-medica\/herba-epimedii\/","title":{"rendered":"Herba Epimedii"},"content":{"rendered":"<h2><strong><a href=\"https:\/\/www.naturmed.de\/blog\/wp-content\/uploads\/2015\/01\/Yinyanghuo.jpg\"><img loading=\"lazy\" decoding=\"async\" class=\"alignleft  wp-image-5905\" src=\"https:\/\/www.naturmed.de\/blog\/wp-content\/uploads\/2015\/01\/Yinyanghuo-300x225.jpg\" alt=\"Yinyanghuo\" width=\"179\" height=\"134\" srcset=\"https:\/\/www.naturmed.de\/blog\/wp-content\/uploads\/2015\/01\/Yinyanghuo-300x225.jpg 300w, https:\/\/www.naturmed.de\/blog\/wp-content\/uploads\/2015\/01\/Yinyanghuo-768x576.jpg 768w, https:\/\/www.naturmed.de\/blog\/wp-content\/uploads\/2015\/01\/Yinyanghuo-90x68.jpg 90w, https:\/\/www.naturmed.de\/blog\/wp-content\/uploads\/2015\/01\/Yinyanghuo.jpg 959w\" sizes=\"auto, (max-width: 179px) 100vw, 179px\" \/><\/a>Wi<\/strong><strong>rkung von Herba Epimedii<\/strong><strong>:<\/strong><\/h2>\n<ul>\n<li>Tonisiert Nieren-Yang<\/li>\n<li>Vertreibt Wind-N\u00e4sse<\/li>\n<\/ul>\n<h2><strong>Indikation\u00a0<\/strong><strong>von Herba Epimedii<\/strong><strong>:<\/strong><\/h2>\n<ul>\n<li>Libidoverlust, Spermatorrh\u00f6, vorzeitiger Samenerguss, erektile Dysfunktion, LWS-Schw\u00e4che und -Schmerz, Knieprobleme, Beinschw\u00e4che, h\u00e4ufiges Wasserlassen, heller, unkonzentrierter Urin<\/li>\n<li>Rheumatische Beschwerden, Gelenkschmerzen, Par\u00e4sthesien und Paresen der Extremit\u00e4ten<\/li>\n<\/ul>\n<h2><strong>Dosierung von Herba Epimedii:<\/strong><\/h2>\n<ul>\n<li>9-15 g<\/li>\n<\/ul>\n<p><strong>Kontraindikation:<\/strong><\/p>\n<ul>\n<li>Yin-Mangel mit Mangel-Hitze<\/li>\n<\/ul>\n","protected":false},"excerpt":{"rendered":"<p>Wirkung von Herba Epimedii: Tonisiert Nieren-Yang Vertreibt Wind-N\u00e4sse Indikation\u00a0von Herba Epimedii: Libidoverlust, Spermatorrh\u00f6, vorzeitiger Samenerguss, erektile Dysfunktion, LWS-Schw\u00e4che und -Schmerz, Knieprobleme, Beinschw\u00e4che, h\u00e4ufiges Wasserlassen, heller, unkonzentrierter Urin Rheumatische Beschwerden, Gelenkschmerzen, Par\u00e4sthesien und Paresen der Extremit\u00e4ten Dosierung von Herba Epimedii: 9-15 g Kontraindikation: Yin-Mangel mit Mangel-Hitze<\/p>\n","protected":false},"author":2,"featured_media":5905,"parent":5486,"menu_order":0,"comment_status":"open","ping_status":"open","template":"","meta":{"footnotes":""},"class_list":["post-5904","page","type-page","status-publish","has-post-thumbnail","hentry","has-post-title","has-post-date","has-post-category","has-post-tag","has-post-comment","has-post-author",""],"_links":{"self":[{"href":"https:\/\/www.naturmed.de\/blog\/wp-json\/wp\/v2\/pages\/5904","targetHints":{"allow":["GET"]}}],"collection":[{"href":"https:\/\/www.naturmed.de\/blog\/wp-json\/wp\/v2\/pages"}],"about":[{"href":"https:\/\/www.naturmed.de\/blog\/wp-json\/wp\/v2\/types\/page"}],"author":[{"embeddable":true,"href":"https:\/\/www.naturmed.de\/blog\/wp-json\/wp\/v2\/users\/2"}],"replies":[{"embeddable":true,"href":"https:\/\/www.naturmed.de\/blog\/wp-json\/wp\/v2\/comments?post=5904"}],"version-history":[{"count":1,"href":"https:\/\/www.naturmed.de\/blog\/wp-json\/wp\/v2\/pages\/5904\/revisions"}],"predecessor-version":[{"id":5906,"href":"https:\/\/www.naturmed.de\/blog\/wp-json\/wp\/v2\/pages\/5904\/revisions\/5906"}],"up":[{"embeddable":true,"href":"https:\/\/www.naturmed.de\/blog\/wp-json\/wp\/v2\/pages\/5486"}],"wp:featuredmedia":[{"embeddable":true,"href":"https:\/\/www.naturmed.de\/blog\/wp-json\/wp\/v2\/media\/5905"}],"wp:attachment":[{"href":"https:\/\/www.naturmed.de\/blog\/wp-json\/wp\/v2\/media?parent=5904"}],"curies":[{"name":"wp","href":"https:\/\/api.w.org\/{rel}","templated":true}]}}