{"id":7366,"date":"2015-04-29T11:22:46","date_gmt":"2015-04-29T09:22:46","guid":{"rendered":"https:\/\/www.naturmed.de\/blog\/?page_id=7366"},"modified":"2021-12-03T11:25:33","modified_gmt":"2021-12-03T10:25:33","slug":"akupunkturpunkte-des-dickdarmmeridian","status":"publish","type":"page","link":"https:\/\/www.naturmed.de\/blog\/akupunkturpunkte-uebersicht\/akupunkturpunkte-des-dickdarmmeridian\/","title":{"rendered":"Akupunkturpunkte des Dickdarm-Meridian"},"content":{"rendered":"<h2><strong>Hauptleitbahn und Akupunkturpunkte des Funktionskreises Dickdarm<\/strong><\/h2>\n<p>&nbsp;<\/p>\n<p><a href=\"https:\/\/www.naturmed.de\/blog\/wp-content\/uploads\/2015\/04\/dickdarm.jpg\"><img loading=\"lazy\" decoding=\"async\" class=\"alignleft wp-image-7454\" src=\"https:\/\/www.naturmed.de\/blog\/wp-content\/uploads\/2015\/04\/dickdarm-212x300.jpg\" alt=\"dickdarm\" width=\"392\" height=\"554\" srcset=\"https:\/\/www.naturmed.de\/blog\/wp-content\/uploads\/2015\/04\/dickdarm-212x300.jpg 212w, https:\/\/www.naturmed.de\/blog\/wp-content\/uploads\/2015\/04\/dickdarm.jpg 301w\" sizes=\"auto, (max-width: 392px) 100vw, 392px\" \/><\/a>Der Dickdarm Meridian f\u00fchrt vom Nagelwinkel des Zeigefingers \u00fcber das Handgelenk bis hin zum Ellbogen au\u00dferdem verl\u00e4uft der Dickdarm \u2013Meridian \u00fcber die Au\u00dfenseite des Oberarms, \u00fcber die Schulter und die Halsseite zur Nase und endet am Nasenfl\u00fcgel der anderen Seite. \u00dcber diesen Dickdarm Meridian kann genauso wie \u00fcber den gekoppelten Lungen\u2013Meridian die Wehrenergien (qi defensivem und weiqi) besonders wirksam aktiviert werden, weshalb \u00fcber die Oberfl\u00e4che (extima, ciao) eingedrungene krankheitsausl\u00f6sende Faktoren durch \u00d6ffnung, Stimulierung des Schwei\u00dfflusses und W\u00e4rmung ausgel\u00f6scht werden k\u00f6nnen. Aufgrund des Verlaufs dieses Dickdarm Meridians kann diese eine Wirkung auf Ellbogen, Schulter, Kopf und Gesichtssch\u00e4del haben. Als Yang-Leitbahn ist sie paarig mit der Yin-Leitbahn des Funktionskreises Lunge verbunden, sie ist also f\u00fcr die Abwehr und das Immunsystem zust\u00e4ndig. Der Dickdarm \u2013 Meridian wird als \u00dcberstrahlung des Yang (yangming) bezeichnet, was ein Indiz auf ihre F\u00fclle von Qi und Xue und seine besondere Wirkst\u00e4rke gibt.<\/p>\n<h3><strong>Akupunkturpunkt Di 4 (IC 4, hegu) Vereinte T\u00e4ler<\/strong><\/h3>\n<h3><\/h3>\n<p><a href=\"https:\/\/www.naturmed.de\/blog\/wp-content\/uploads\/2015\/04\/Di-4.jpg\"><img loading=\"lazy\" decoding=\"async\" class=\"alignleft size-medium wp-image-7575\" src=\"https:\/\/www.naturmed.de\/blog\/wp-content\/uploads\/2015\/04\/Di-4-300x169.jpg\" alt=\"Di-4\" width=\"300\" height=\"169\" srcset=\"https:\/\/www.naturmed.de\/blog\/wp-content\/uploads\/2015\/04\/Di-4-300x169.jpg 300w, https:\/\/www.naturmed.de\/blog\/wp-content\/uploads\/2015\/04\/Di-4.jpg 600w\" sizes=\"auto, (max-width: 300px) 100vw, 300px\" \/><\/a><\/p>\n<p><strong>Bedeutung von Di 4:<\/strong> Der Name beschreibt die Wo befindet sich der Akupunkturpunkt im sogenannten Tal zwischen dem Daumen und dem Zeigefinger.<\/p>\n<p><strong>Wo befindet sich der Akupunkturpunkt Di 4:<\/strong> Der Akupunkturpunkt befindet sich auf der Daumenseite des Zeigefingers, in der H\u00f6he der Mitte des Mittelhandknochens<br \/>\n<strong>TCM Wirkung:<\/strong> \u00d6ffnet die \u00d6berfl\u00e4che, leitet alle krankheitsausl\u00f6senden Faktoren aus, speziell Wind (ventus, feng), st\u00fctzt die Wehrenergien, l\u00f6st Blockaden im Leitbahn-System. Die herausragende Bedeutung dieses Reizpunkts liegt darin, dass \u00fcber ihn das angeborene Qi (qi nativum) mobilisiert und so die Wehrenergie gekr\u00e4ftigt werden kann.<br \/>\n<strong>Di 4 hilft bei<\/strong>: Kopfschmerzen, Zahnschmerzen, Erk\u00e4ltung und grippale Infekte, Halsund Rachenentz\u00fcndungen, Nackensteife, Gesichtsneuralgien<\/p>\n<h3><strong>Akupunkturpunkt Di 11 (IC 11, quchi) Gekr\u00fcmmter Teich <\/strong><\/h3>\n<p><strong><a href=\"https:\/\/www.naturmed.de\/blog\/wp-content\/uploads\/2015\/04\/Di11.jpg\"><img loading=\"lazy\" decoding=\"async\" class=\"alignleft size-full wp-image-7368\" src=\"https:\/\/www.naturmed.de\/blog\/wp-content\/uploads\/2015\/04\/Di11.jpg\" alt=\"Di11\" width=\"295\" height=\"96\" \/><\/a>Bedeutung von Di 11:<\/strong> Der Teich dient hier als ein Bild f\u00fcr einen Ort, an dem sich krankheitsausl\u00f6sende Faktoren, speziell der Wind, sammeln.<\/p>\n<p><strong>Wo befindet sich der Akupunkturpunkt Di 11: <\/strong>Bei einem auf 90 angewinkeltem Ellbogen liegt der Akupunkturpunkt in der Verbindungslinie zwischen der Ellbogenfalte und dem \u00e4u\u00dferen tastbaren Knochenvorsprung des Oberamknochens (Epiconylus lateralis humeri). Wenn man auf den gut tastbaren \u00e4u\u00dferen Knochenfortsatz bei einem gebeugtem Ellbogen den Daumen drauflegt und ihn nach vorn beugt, f\u00e4llt er in eine Mulde, in dessen Tiefe der Akupunkturpunkt liegt.<br \/>\n<strong>TCM Wirkung: <\/strong>\u00d6ffnet die Oberfl\u00e4che und leitet alle krankheitsausl\u00f6senden Faktoren, speziell aber Wind (ventus, feng) und \u00bbHitze\u00ab (calor, re) aus, TCM Wirkung auf das Xue.<br \/>\n<strong>Di 11 hilft bei: <\/strong>Fieber, Hypertonie, Tennisarm, Schulter-Arm-Syndrom und frozen shoulder, L\u00e4hmungen an Arm und Schulter<\/p>\n<h3><strong>Akupunkturpunkt Di 15 (IC 15, jianyu) Spalt unter der Schulterh\u00f6he\u00a0<\/strong><\/h3>\n<p><strong><a href=\"https:\/\/www.naturmed.de\/blog\/wp-content\/uploads\/2015\/04\/Di15.jpg\"><img loading=\"lazy\" decoding=\"async\" class=\"alignleft size-full wp-image-7369\" src=\"https:\/\/www.naturmed.de\/blog\/wp-content\/uploads\/2015\/04\/Di15.jpg\" alt=\"Di15\" width=\"299\" height=\"111\" \/><\/a>Wo befindet sich der Akupunkturpunkt Di 15: <\/strong>Hebt man seinen Arm seitlich an, bildet sich zwischen dem Deltamuskel (Musculus deltoideus) und dem Vorsprung des Schl\u00fcsselbeins eine tastbare Mulde. Dort liegt der Akupunkturpunkt Di 15<br \/>\n<strong>TCM Wirkung:<\/strong> Beseitigt Wind.<br \/>\n<strong>Di 15 hilft bei:<\/strong> Schulterschmerzen, L\u00e4hmungen, Nackenverspannungen, Schultersteife<\/p>\n<h3><strong>Akupunkturpunkt Di 20 (IC 20, yingxiang) Empfang der Wohlger\u00fcche <\/strong><\/h3>\n<p><strong><a href=\"https:\/\/www.naturmed.de\/blog\/wp-content\/uploads\/2015\/04\/Di20.jpg\"><img loading=\"lazy\" decoding=\"async\" class=\"alignleft size-full wp-image-7370\" src=\"https:\/\/www.naturmed.de\/blog\/wp-content\/uploads\/2015\/04\/Di20.jpg\" alt=\"Di20\" width=\"284\" height=\"100\" \/><\/a>Bedeutung von Di 20:<\/strong> Der Name steht die Funktion des Geruchsverm\u00f6gens<\/p>\n<p><strong>Wo befindet sich der Akupunkturpunkt Di 20:<\/strong> der Akupunkturpunkt befindet sich etwa 0,5 PZ seitlich von der Nasolabialfalte<br \/>\n<strong>TCM Wirkung:<\/strong> Befreit die Nase<br \/>\n<strong>Di 20 hilft bei: <\/strong>Schnupfen, verstopfte Nase, Heuschnupfen, chronisch verstopfte oder trockene Nase, Gesichtsl\u00e4hmungen (Fazialisparese, auch nach Schlaganfall). Dieser Punkt ist auch wichtig bei der Behandlung von Kindern und bei der Selbstbehandlung.<\/p>\n<hr \/>\n<h2>Sie wollen noch mehr \u00fcber die Akupunkturpunkte wissen?<\/h2>\n<p>Lesen Sie diesen Artikel &gt;&gt; <a href=\"https:\/\/www.naturmed.de\/blog\/tcm-akupunktur\/akupunkturpunkte-finden\/\">Akupunkturpunkte finden<\/a><\/p>\n<p><a href=\"https:\/\/www.naturmed.de\/blog\/tcm-akupunktur\/akupunkturpunkte-finden\/\"><img loading=\"lazy\" decoding=\"async\" class=\"alignnone size-full wp-image-15903\" src=\"https:\/\/www.naturmed.de\/blog\/wp-content\/uploads\/2021\/11\/Akupunkte-finden-2.jpg\" alt=\"\" width=\"1000\" height=\"402\" srcset=\"https:\/\/www.naturmed.de\/blog\/wp-content\/uploads\/2021\/11\/Akupunkte-finden-2.jpg 1000w, https:\/\/www.naturmed.de\/blog\/wp-content\/uploads\/2021\/11\/Akupunkte-finden-2-300x121.jpg 300w, https:\/\/www.naturmed.de\/blog\/wp-content\/uploads\/2021\/11\/Akupunkte-finden-2-175x70.jpg 175w, https:\/\/www.naturmed.de\/blog\/wp-content\/uploads\/2021\/11\/Akupunkte-finden-2-450x181.jpg 450w, https:\/\/www.naturmed.de\/blog\/wp-content\/uploads\/2021\/11\/Akupunkte-finden-2-768x309.jpg 768w\" sizes=\"auto, (max-width: 1000px) 100vw, 1000px\" \/><\/a><\/p>\n","protected":false},"excerpt":{"rendered":"<p>Hauptleitbahn und Akupunkturpunkte des Funktionskreises Dickdarm &nbsp; Der Dickdarm Meridian f\u00fchrt vom Nagelwinkel des Zeigefingers \u00fcber das Handgelenk bis hin zum Ellbogen au\u00dferdem verl\u00e4uft der Dickdarm \u2013Meridian \u00fcber die Au\u00dfenseite des Oberarms, \u00fcber die Schulter und die Halsseite zur Nase und endet am Nasenfl\u00fcgel der anderen Seite. \u00dcber diesen Dickdarm Meridian kann genauso wie \u00fcber [&hellip;]<\/p>\n","protected":false},"author":2,"featured_media":7575,"parent":7855,"menu_order":0,"comment_status":"closed","ping_status":"closed","template":"","meta":{"footnotes":""},"class_list":["post-7366","page","type-page","status-publish","has-post-thumbnail","hentry","has-post-title","has-post-date","has-post-category","has-post-tag","has-post-comment","has-post-author",""],"_links":{"self":[{"href":"https:\/\/www.naturmed.de\/blog\/wp-json\/wp\/v2\/pages\/7366","targetHints":{"allow":["GET"]}}],"collection":[{"href":"https:\/\/www.naturmed.de\/blog\/wp-json\/wp\/v2\/pages"}],"about":[{"href":"https:\/\/www.naturmed.de\/blog\/wp-json\/wp\/v2\/types\/page"}],"author":[{"embeddable":true,"href":"https:\/\/www.naturmed.de\/blog\/wp-json\/wp\/v2\/users\/2"}],"replies":[{"embeddable":true,"href":"https:\/\/www.naturmed.de\/blog\/wp-json\/wp\/v2\/comments?post=7366"}],"version-history":[{"count":12,"href":"https:\/\/www.naturmed.de\/blog\/wp-json\/wp\/v2\/pages\/7366\/revisions"}],"predecessor-version":[{"id":15931,"href":"https:\/\/www.naturmed.de\/blog\/wp-json\/wp\/v2\/pages\/7366\/revisions\/15931"}],"up":[{"embeddable":true,"href":"https:\/\/www.naturmed.de\/blog\/wp-json\/wp\/v2\/pages\/7855"}],"wp:featuredmedia":[{"embeddable":true,"href":"https:\/\/www.naturmed.de\/blog\/wp-json\/wp\/v2\/media\/7575"}],"wp:attachment":[{"href":"https:\/\/www.naturmed.de\/blog\/wp-json\/wp\/v2\/media?parent=7366"}],"curies":[{"name":"wp","href":"https:\/\/api.w.org\/{rel}","templated":true}]}}