{"id":7855,"date":"2015-06-17T16:52:13","date_gmt":"2015-06-17T14:52:13","guid":{"rendered":"https:\/\/www.naturmed.de\/blog\/?page_id=7855"},"modified":"2025-11-19T16:03:16","modified_gmt":"2025-11-19T15:03:16","slug":"akupunkturpunkte-uebersicht","status":"publish","type":"page","link":"https:\/\/www.naturmed.de\/blog\/akupunkturpunkte-uebersicht\/","title":{"rendered":"Akupunkturpunkte und Leitbahnen &#8211; Eine \u00dcbersicht"},"content":{"rendered":"<h2 class=\"entry-title\">Die wichtigsten Akupunkturpunkte, Leitbahnen und Meridiane der TCM<\/h2>\n<p>Akupunkturpunkte liegen auf Leitbahnen. Diese Leitbahnen, auch Meridiane genannt, sind Kan\u00e4le, in denen sich das Qi bewegt oder auch flie\u00dft. Wenn die Leitbahnen gest\u00f6rt sind, flie\u00dft das Qi nicht mehr optimal und es k\u00f6nnen Blockaden entstehen, aus denen Krankheiten hervorgehen.<\/p>\n<h3 data-start=\"676\" data-end=\"717\">Was sind Leitbahnen oder Meridiane?<\/h3>\n<p data-start=\"718\" data-end=\"1153\">Meridiane sind unsichtbare Energiebahnen im K\u00f6rper, die in der Traditionellen Chinesischen Medizin (TCM) das Netz der Lebensenergie darstellen. Sie verbinden die inneren Organe mit den \u00e4u\u00dferen K\u00f6rperregionen, den Gliedma\u00dfen und den Sinnesorganen. Auf ihnen liegen die klassischen Akupunkturpunkte, \u00fcber die das Qi (=Energie) reguliert und harmonisiert werden kann. Man k\u00f6nnte sagen, sie bilden das energetische Kommunikationssystem des K\u00f6rpers.<\/p>\n<p>Viele der Akupunkturpunkte befinden sich direkt auf den verschiedenen\u00a0Leitbahnen. Es gibt auch die sogenannten Ashi-Akupunkturpunkte, die auch als Triggerpunkte bekannt sind, diese k\u00f6nnen auf oder neben dem Meridian liegen und sind meist sehr schmerzhaft.<\/p>\n<h3>Welche\u00a0Meridiane gibt es?<\/h3>\n<ul>\n<li>12 Hauptmeridiane \/ Jing Mai<\/li>\n<li>8 Au\u00dferordentliche Meridiane \/ Qi Jing Ba Mai<\/li>\n<li>12 divergente Meridiane- oder auch Sondermeridiane \/ Jing bie<\/li>\n<li>16 Luo-Gef\u00e4\u00dfe<\/li>\n<li>12 Tendino-Muskul\u00e4ren Leitbahnen (jing jin)<\/li>\n<\/ul>\n<p>Die Meridiane verlaufen auf jeder K\u00f6rperseite gleichm\u00e4\u00dfig und beginnen je nachdem ob es ein Yin- oder Yang-Meridian ist an den Extremit\u00e4ten oder am Stamm des K\u00f6rpers.<\/p>\n<h4>Grunds\u00e4tzlich gilt bei den Meridianen:<\/h4>\n<ul>\n<li><strong>Yin-Meridiane<\/strong> verlaufen von den Zehen zum Stamm und vom Stamm zu den Fingern<\/li>\n<li><strong>Yang-Meridiane<\/strong> verlaufen im Gegensatz dazu von den Fingern zum Stamm und vom Stamm zu den Zehen<\/li>\n<\/ul>\n<h3><a href=\"https:\/\/www.naturmed.de\/tcmakupunktur\/?utm_source=website&amp;utm_medium=Google&amp;utm_campaign=akupunkturpunkte&amp;utm_content=akupunkturpunkte&amp;utm_term=akupunkturpunkte\"><img loading=\"lazy\" decoding=\"async\" class=\"aligncenter wp-image-16118 size-full\" src=\"https:\/\/www.naturmed.de\/blog\/wp-content\/uploads\/2022\/08\/Webbanner__ausserord_Leitbahnen300x200-2.jpg\" alt=\"B\u00fccher zu den Leitbahnen\" width=\"300\" height=\"250\" srcset=\"https:\/\/www.naturmed.de\/blog\/wp-content\/uploads\/2022\/08\/Webbanner__ausserord_Leitbahnen300x200-2.jpg 300w, https:\/\/www.naturmed.de\/blog\/wp-content\/uploads\/2022\/08\/Webbanner__ausserord_Leitbahnen300x200-2-175x146.jpg 175w\" sizes=\"auto, (max-width: 300px) 100vw, 300px\" \/><\/a>Die wichtigsten Meridiane (12 Zang-Fu-Meridiane):<\/h3>\n<ul>\n<li><img loading=\"lazy\" decoding=\"async\" class=\"alignleft wp-image-17755 \" src=\"https:\/\/www.naturmed.de\/blog\/wp-content\/uploads\/2025\/08\/5Wandlungsphasen-copy-e1756115647998.jpg\" alt=\"\" width=\"271\" height=\"286\" srcset=\"https:\/\/www.naturmed.de\/blog\/wp-content\/uploads\/2025\/08\/5Wandlungsphasen-copy-e1756115647998.jpg 770w, https:\/\/www.naturmed.de\/blog\/wp-content\/uploads\/2025\/08\/5Wandlungsphasen-copy-e1756115647998-284x300.jpg 284w, https:\/\/www.naturmed.de\/blog\/wp-content\/uploads\/2025\/08\/5Wandlungsphasen-copy-e1756115647998-768x812.jpg 768w\" sizes=\"auto, (max-width: 271px) 100vw, 271px\" \/>Der <a href=\"https:\/\/www.naturmed.de\/blog\/akupunkturpunkte-uebersicht\/akupunkturpunkte-lunge\/\">Lungen-Meridian<\/a> ist ein Fu-Organ und geh\u00f6rt zum Yin \/ Tai Yin<br \/>\nDer Dickdarm-Meridian ist ein Zang-Organ und geh\u00f6rt zum Yang \/ Yang Ming<br \/>\nDer Magen-Meridian ist das Fu-Organ und geh\u00f6rt zum Yang \/ Yang Ming<br \/>\nDer Milz-Meridian ist das Zang-Organ und geh\u00f6rt zum Yin \/ Tai Yin<br \/>\nDer Herz-Meridian ist das Zang-Organ und geh\u00f6rt zum Yin \/Shao Yin<br \/>\nDer D\u00fcnndarm-Meridian ist das Fu-Organ und geh\u00f6rt zum Yang \/ Tai Yang<br \/>\nDer Blasen-Meridian ist das Fu-Organ und geh\u00f6rt zum Yang \/ Tai Yang<br \/>\nDer Nieren-Meridian ist das Zang-Organ und geh\u00f6rt zum Yin \/ Shao Yin<br \/>\nDas Perikard ist das Zang-Organ und geh\u00f6rt zum Yin \/ Jue Yin<br \/>\nDer 3-Fache-Erw\u00e4rmer ist das Fu-Organ und geh\u00f6rt zum Yang \/ Shao Yang<br \/>\nDer Gallenblasen-Meridian ist das Fu-Organ und ist Yang \/ Shao Yang<br \/>\nDer Leber-Meridian ist ein Zang-Organ und geh\u00f6rt zum Yin \/ Jue Yin<\/li>\n<\/ul>\n<h3>Die 8 Au\u00dferordentlichen Leitbahnen (Meridiane) sind:<\/h3>\n<p>Diese werden auch die 8 Wundermeridiane genannt. Diese werden auch die <strong data-start=\"3174\" data-end=\"3195\">8 Wundermeridiane<\/strong> genannt. Sie sind keine eigenst\u00e4ndigen Organ-Meridiane, sondern dienen als Energiespeicher und als Regulationssystem des K\u00f6rpers. N\u00e4here Infos finden Sie auf http:\/\/www.wundermeridiane.de\/. (Meridiane und deren Akupunkturpunkte).<\/p>\n<h3>Die acht Leitbahnen mit ihren Kardinalpunkten sind:<\/h3>\n<ul>\n<li>Chong Mai \u2013 Kardinalpunkt MP4<\/li>\n<li>Yin Qiao Mai \u2013 Kardinalpunkt NI6<\/li>\n<li>Yang Qiao Mai- Kardinalpunkt Bl62<\/li>\n<li>Yin Wei Mai \u2013 Kardinalpunkt PC6<\/li>\n<li>Yang Wei Mai \u2013 Kardinalpunkt 3E5<\/li>\n<li>Ren Mai \u2013 Kardinalpunkt Ren4<\/li>\n<li>Du Mai \u2013 Kardinalpunkt D\u00dc3<\/li>\n<li>Dai Mai \u2013 Kardinalpunkt GB41<\/li>\n<\/ul>\n<h4>Was sind Kardinalpunkte?<\/h4>\n<p data-start=\"251\" data-end=\"544\">Die au\u00dferordentlichen Leitbahnen haben \u2013 anders als die 12 Hauptmeridiane \u2013 keine eigenen \u201enormalen\u201c Akupunkturpunkte. Stattdessen werden sie \u00fcber bestimmte Punkte der Hauptmeridiane aktiviert oder ge\u00f6ffnet. Diese speziellen Punkte hei\u00dfen <strong data-start=\"490\" data-end=\"541\">Kardinalpunkte (Schl\u00fcssel- oder \u00d6ffnungspunkte)<\/strong>. Kardinalpunkte sind also die \u201eEingangstore\u201c zu den 8 au\u00dferordentlichen Leitbahnen.<\/p>\n<ul data-start=\"546\" data-end=\"983\">\n<li data-start=\"546\" data-end=\"621\">\n<p data-start=\"548\" data-end=\"621\">Jeder der 8 Wundermeridiane hat mindestens einen solchen Kardinalpunkt.<\/p>\n<\/li>\n<li data-start=\"622\" data-end=\"763\">\n<p data-start=\"624\" data-end=\"763\">\u00dcber diese Punkte kann man die Energie in den Wundermeridianen gezielt regulieren und mit einem passenden <strong data-start=\"730\" data-end=\"748\">Kopplungspunkt<\/strong> kombinieren.<\/p>\n<\/li>\n<li data-start=\"764\" data-end=\"983\">\n<p data-start=\"766\" data-end=\"983\">In der Akupunktur nutzt man diese Kombinationen h\u00e4ufig, um tiefere energetische Muster zu behandeln \u2013 etwa bei chronischen Erkrankungen, hormonellen Dysbalancen, Entwicklungsst\u00f6rungen oder seelisch-geistigen Themen.<\/p>\n<\/li>\n<\/ul>\n<h4>Hier ein Beispiel:<\/h4>\n<ul data-start=\"1001\" data-end=\"1235\">\n<li data-start=\"1001\" data-end=\"1066\">\n<p data-start=\"1003\" data-end=\"1066\"><strong data-start=\"1003\" data-end=\"1021\">Der Punkt Ni 6 (Zhaohai)<\/strong> ist der Kardinalpunkt des <strong data-start=\"1048\" data-end=\"1064\">Yin Qiao Mai<\/strong><\/p>\n<\/li>\n<li data-start=\"1067\" data-end=\"1235\">\n<p data-start=\"1069\" data-end=\"1235\"><strong data-start=\"1069\" data-end=\"1088\">Der Punkt Bl 62 (Shenmai)<\/strong> ist der Kardinalpunkt des <strong data-start=\"1115\" data-end=\"1132\">Yang Qiao Mai<\/strong><br data-start=\"1132\" data-end=\"1135\" \/>\u2192 Beide Meridiane bilden ein Paar und werden oft zusammen behandelt, um Yin- und Yang-Aspekte des Bewegungsapparates zu regulieren.<\/p>\n<\/li>\n<\/ul>\n<h4>Die 8 Sondermeridiane:<\/h4>\n<p>Sie werden auch divergente Leitbahnen genannt und zweigen von den Hauptleitbahnen ab. Sie sollen die Beziehung zwischen den Organen,\u00a0den Extremit\u00e4ten und zwischen dem Herz, den Yin-Meridianen und dem Kopf f\u00f6rdern.<\/p>\n<h4>Die 16 Luo-Gef\u00e4\u00dfe:<\/h4>\n<p>Sie verbinden das Innen mit dem Au\u00dfen, das Yin mit dem Yang. Sie stellen eine Leitungs- und Kontrollfunktion dar. Alle Luo-Gef\u00e4\u00dfe stehen mit dem Haupt-Luo-Gef\u00e4\u00df der Milz MP21 in Verbindung.<\/p>\n<h4>Die 12 Tendino-Muskul\u00e4ren Leitbahnen:<\/h4>\n<p>Sie sind mit den Hauptleitbahnen verbunden und werden entsprechend nach diesen benannt. Sie verlaufen oberfl\u00e4chlich entlang der Hauptleitbahnen und unterst\u00fctzen deren Qi- und Blutzirkulation. Eine direkte Verbindung zu den Zang-Fu-Organen besteht hier nicht.<\/p>\n<h4>Die Meridianen und ihre Akupunkturpunkte:<\/h4>\n<h5>Lungen Meridian: Hier finden Sie Videos, wo die Akupunkturpunkte der Lunge liegen &gt;&gt;&gt;Video zur Lungenleitbah<\/h5>\n<p>Lu 1 , Lu 2, Lu 3, Lu 4, Lu 5, Lu 6, Lu 7, Lu 8, Lu 9, Lu 10, Lu 11<\/p>\n<h5>Dickdarm Meridian:<\/h5>\n<p>Di, 1, Di 2, Di 3, Di 4, Di 5, Di 6, Di 7, Di 8, Di 9, Di 10, Di 11, Di 12, Di 13, Di 14, Di 15, Di 16, Di, 17, Di 18, Di 19, Di 20<\/p>\n<h5>Magen Meridian:<\/h5>\n<p>Wichtige Akupunkturpunkte sind:<\/p>\n<p>Magen 36. <a href=\"https:\/\/www.youtube.com\/watch?v=aV6yNc_xBj8&amp;list=PL1VxV62xvenYbhqb21NaU7VOIquFwWHNg\">Video zu Ma 36<\/a><\/p>\n<p>Weitere Punkte:<\/p>\n<p>Ma 1, Ma 2, Ma 3, Ma 4, Ma 5, Ma 6, Ma 7, Ma 8, Ma 9, Ma 10, Ma 11, Ma 12, Ma 13, Ma 14, Ma 15, Ma 16, Ma 17, Ma 18, Ma 19, Ma 20, Ma 21, Ma 22, Ma 23, Ma 24, Ma 25, Ma 26, Ma 27, Ma 28, Ma 29, Ma 30, Ma 31, Ma 32, Ma 33, ma 34, Ma 35, Ma 36, Ma 37, Ma 38, Ma 39, Ma 40, Ma 41, Ma 42, Ma 43, Ma 44, Ma 45<\/p>\n<h5>Milz Meridian:<\/h5>\n<p>Mi 1, Mi 2, Mi 3, Mi 4, Mi 5, Mi 6, Mi 7, Mi 8, Mi 9, Mi 10, Mi 11, Mi 12, Mi 13, Mi 14, Mi 15, Mi 16, Mi 17, Mi 18, Mi 19, Mi 20, Mi 21<\/p>\n<h5>Herz Meridian:<\/h5>\n<p>He 1, He 2, He 3, He 4, He 5, He 6, He 7, He 8, He 9<\/p>\n<h5>D\u00fcnndarm Meridian:<\/h5>\n<p>D\u00fc 1, D\u00fc 2, D\u00fc 3, D\u00fc 4, D\u00fc 5, D\u00fc 6, D\u00fc 7, D\u00fc 8, D\u00fc 9, D\u00fc 1\u00df, D\u00fc 11, D\u00fc 12, D\u00fc 13, D\u00fc 14, D\u00fc 15, D\u00fc 16, D\u00fc 17, D\u00fc 18, D\u00fc 19<\/p>\n<h5>Blasen Meridian:<\/h5>\n<p>Bl 1, Bl 2, Bl 3, Bl 4, Bl 5, Bl 6, Bl 7, Bl 8, Bl 9, Bl 10, Bl 11, Bl 12, Bl 13, Bl 14, Bl 15, Bl 16, Bl 17, Bl 18, Bl 19, Bl 20, Bl 21, Bl 22, Bl 23, Bl 24, Bl25, Bl 26, Bl 27, Bl 28, Bl 29, Bl 30, Bl 31, Bl 32, Blq 33, Bl 34, Bl 35, Bl 36, Bl 37, Bl 38, Bl 39, Bl 40, Bl 41, Bl 42, Bl 43, Bl 44, Bl 45, Bl 46, Bl 47, Bl 48, Bl 49, Bl 50, Bl 51, Bl 52, Bl 53, Bl 54, Bl 55, Bl 56, Bl 57, Bl 58, Bl 59, Bl 60, Bl 61, Bl 62, Bl 63, Bl 64, Bl 65, Bl 66, Bl 67<\/p>\n<h5>Nieren\u00a0Meridian:<\/h5>\n<p>Ni 1, Ni 2, Ni 3, Ni 4, Ni 5, Ni, 6, Ni 7, Ni 8, Ni 9, Ni 10, Ni 11, Ni 12, Ni 13, Ni 14, Ni 15, Ni 16, Ni 17, Ni 18, Ni 19, Ni 20, Ni 21, Ni 22, Ni 23, Ni 24, Ni 25, Ni 26, Ni 27<\/p>\n<h5>Gallenblasen Meridian:<\/h5>\n<p>Gb 1, Gb 2, Gb 3, Gb 4, Gb 5, Gb 6, Gbb 7, Gb 8, Gb 9, Gb 10, Gb 11, Gb 12, Gb 13, Gb 14, Gb 15, Gb 16, Gb 17, Gb 18, Gb 19, Gb 20, Gb 21, Gb 22, Gb 23, Gb 24, Gb 25, Gb 26, Gb 27, Gb 28, Gb 29, Gb 30, Gb 31, Gb 32, Gb 33, Gb 34, Gb 35, Gb 36, Gb 37, Gb 38, Gb 39, Gb 40, Gb 41, Gb 42, Gb 43, Gb 44<\/p>\n<h5>Leber Meridian:<\/h5>\n<p>Le 1, Le 2, Le 3, Le 4, Le 5, Le 6, le 7, Le 8, Le 8, Le 10, Le 11, Le 12, Le 13, Le 14<\/p>\n<h2>Akupunkturpunkte finden mit guten B\u00fcchern:<\/h2>\n<p>Sie suchen ein gutes Akupunkturbuch? Hier eine \u00dcbersicht \u00fcber die besten B\u00fccher, um Akupunkturpunkte zu finden:<\/p>\n<h4>Platz 1<\/h4>\n<h3><span class=\"supplier\"><img loading=\"lazy\" decoding=\"async\" class=\"alignleft wp-image-17734 \" src=\"https:\/\/www.naturmed.de\/blog\/wp-content\/uploads\/2025\/08\/9783864010217_g.jpg.avif\" alt=\"\" width=\"102\" height=\"143\" srcset=\"https:\/\/www.naturmed.de\/blog\/wp-content\/uploads\/2025\/08\/9783864010217_g.jpg.avif 400w, https:\/\/www.naturmed.de\/blog\/wp-content\/uploads\/2025\/08\/9783864010217_g.jpg-215x300.avif 215w\" sizes=\"auto, (max-width: 102px) 100vw, 102px\" \/>Deadman, P.\/ Al-Khafaji, M.\/ Baker, K.,<br \/>\n<\/span>Handbuch Akupunktur<br \/>\n<a href=\"https:\/\/www.naturmed.de\/produkt\/handbuch-akupunktur-deadman-p-al-khafaji-m-baker-k\/\">&gt;&gt;weitere Infos zum Buch<\/a><\/h3>\n<p>&nbsp;<\/p>\n<hr \/>\n<h4>Platz 2<\/h4>\n<h3><img loading=\"lazy\" decoding=\"async\" class=\" wp-image-10303 alignleft\" src=\"https:\/\/www.naturmed.de\/blog\/wp-content\/uploads\/2015\/06\/83b1d7914f2f48ffbcda5c0ba40e8b55_6.jpg\" alt=\"83b1d7914f2f48ffbcda5c0ba40e8b55_6\" width=\"158\" height=\"195\" \/>Focks, C.<br \/>\nAtlas Akupunktur<\/h3>\n<p><a href=\"https:\/\/www.naturmed.de\/produkt\/atlas-akupunktur-focks-c-hosbach-i-maerz-u-ingenabel-b-2\/\">&gt;&gt; weitere Infos zum Buch<\/a><\/p>\n<p>&nbsp;<\/p>\n<p>&nbsp;<\/p>\n<hr \/>\n<p>&nbsp;<\/p>\n<p><strong>Das allumfassende Standardwerk der chinesischen Medizin:<\/strong><\/p>\n<h3><img loading=\"lazy\" decoding=\"async\" class=\"size-full wp-image-10306 alignleft\" src=\"https:\/\/www.naturmed.de\/blog\/wp-content\/uploads\/2015\/06\/19e76bda12b3fee7cb26e48cb13c1c4f_6.jpg\" alt=\"19e76bda12b3fee7cb26e48cb13c1c4f_6\" width=\"134\" height=\"179\" \/>Maciocia Grundlagen der chinesische Medizin<\/h3>\n<p>Der Maciocia in der aktuellen Auflage.<\/p>\n<p>Jetzt hier bestellen\u00a0<a href=\"https:\/\/www.naturmed.de\/produkt\/grundlagen-der-chinesischen-medizin-maciocia-g\/?highlight=maciocia\">&gt;&gt; Maciocia\u00a0<\/a><\/p>\n<p>&nbsp;<\/p>\n<p>&nbsp;<\/p>\n<hr \/>\n<p>&nbsp;<\/p>\n","protected":false},"excerpt":{"rendered":"<p>Die wichtigsten Akupunkturpunkte, Leitbahnen und Meridiane der TCM Akupunkturpunkte liegen auf Leitbahnen. Diese Leitbahnen, auch Meridiane genannt, sind Kan\u00e4le, in denen sich das Qi bewegt oder auch flie\u00dft. Wenn die Leitbahnen gest\u00f6rt sind, flie\u00dft das Qi nicht mehr optimal und es k\u00f6nnen Blockaden entstehen, aus denen Krankheiten hervorgehen. Was sind Leitbahnen oder Meridiane? Meridiane sind [&hellip;]<\/p>\n","protected":false},"author":2,"featured_media":17643,"parent":0,"menu_order":0,"comment_status":"closed","ping_status":"closed","template":"","meta":{"footnotes":""},"class_list":["post-7855","page","type-page","status-publish","has-post-thumbnail","hentry","has-post-title","has-post-date","has-post-category","has-post-tag","has-post-comment","has-post-author",""],"_links":{"self":[{"href":"https:\/\/www.naturmed.de\/blog\/wp-json\/wp\/v2\/pages\/7855","targetHints":{"allow":["GET"]}}],"collection":[{"href":"https:\/\/www.naturmed.de\/blog\/wp-json\/wp\/v2\/pages"}],"about":[{"href":"https:\/\/www.naturmed.de\/blog\/wp-json\/wp\/v2\/types\/page"}],"author":[{"embeddable":true,"href":"https:\/\/www.naturmed.de\/blog\/wp-json\/wp\/v2\/users\/2"}],"replies":[{"embeddable":true,"href":"https:\/\/www.naturmed.de\/blog\/wp-json\/wp\/v2\/comments?post=7855"}],"version-history":[{"count":43,"href":"https:\/\/www.naturmed.de\/blog\/wp-json\/wp\/v2\/pages\/7855\/revisions"}],"predecessor-version":[{"id":19936,"href":"https:\/\/www.naturmed.de\/blog\/wp-json\/wp\/v2\/pages\/7855\/revisions\/19936"}],"wp:featuredmedia":[{"embeddable":true,"href":"https:\/\/www.naturmed.de\/blog\/wp-json\/wp\/v2\/media\/17643"}],"wp:attachment":[{"href":"https:\/\/www.naturmed.de\/blog\/wp-json\/wp\/v2\/media?parent=7855"}],"curies":[{"name":"wp","href":"https:\/\/api.w.org\/{rel}","templated":true}]}}